258819 and 8?
1
What is the greatest common factor of 4235272480 and 499?
499
Calculate the highest common factor of 3789 and 84285.
9
Calculate the greatest common divisor of 171345807 and 54.
27
What is the greatest common factor of 33768512 and 576?
64
What is the highest common divisor of 28 and 832405210?
14
Calculate the highest common factor of 659363 and 104434.
47
What is the highest common factor of 4515042 and 280?
14
Calculate the highest common divisor of 53295 and 645150.
2805
Calculate the greatest common divisor of 6711 and 12.
3
What is the greatest common factor of 28872 and 342588?
12
Calculate the highest common divisor of 268369 and 572092.
1607
Calculate the highest common factor of 1561635 and 4785.
15
Calculate the highest common divisor of 2958546 and 60.
6
What is the greatest common divisor of 204577 and 1277973?
149
Calculate the greatest common divisor of 49257 and 17693.
13
What is the highest common factor of 4311 and 372662?
479
What is the highest common divisor of 171 and 56288412?
171
What is the greatest common factor of 1515376390 and 22?
22
What is the greatest common factor of 68 and 568123?
17
What is the highest common divisor of 1409625 and 471375?
1125
Calculate the greatest common factor of 330 and 3301210.
110
What is the highest common divisor of 121723 and 2751?
7
Calculate the greatest common divisor of 5 and 5480255.
5
Calculate the highest common factor of 3571 and 364799076.
3571
What is the greatest common divisor of 70860 and 112580?
20
Calculate the highest common divisor of 14518850 and 26448.
1102
What is the greatest common divisor of 247604 and 1281532?
1036
Calculate the greatest common divisor of 3294005 and 71825.
1105
What is the highest common divisor of 150960 and 41480?
680
What is the greatest common factor of 128030077 and 5614?
2807
What is the greatest common factor of 227544 and 81?
3
What is the greatest common factor of 13107072 and 1036402?
6206
Calculate the highest common divisor of 1599 and 10112937.
123
What is the greatest common factor of 255150 and 14195250?
4050
Calculate the greatest common factor of 716492 and 1232.
28
What is the highest common factor of 1271781 and 1351?
7
Calculate the greatest common factor of 724248 and 28296.
216
What is the greatest common divisor of 910 and 1197690?
130
Calculate the highest common factor of 777261 and 291.
291
Calculate the highest common divisor of 3140032 and 1172352.
2752
Calculate the greatest common divisor of 32561992 and 723.
241
Calculate the greatest common factor of 794322 and 306.
18
Calculate the highest common divisor of 20 and 8299756.
4
What is the greatest common divisor of 3314206 and 1568?
14
What is the highest common factor of 95716263 and 6289?
331
What is the greatest common divisor of 4990 and 17414102?
998
Calculate the greatest common divisor of 3825 and 36525.
75
What is the greatest common factor of 1600 and 609225?
25
Calculate the highest common factor of 81392 and 14864.
16
Calculate the greatest common divisor of 112918785 and 2293.
2293
What is the highest common factor of 4893178 and 35003?
1207
What is the highest common factor of 6417240 and 318?
318
Calculate the greatest common divisor of 2484 and 7686324.
828
Calculate the highest common divisor of 2192 and 32511333.
137
Calculate the greatest common divisor of 103230 and 498020.
370
What is the greatest common divisor of 539987 and 917?
7
What is the greatest common factor of 595 and 7085855?
595
Calculate the greatest common factor of 744 and 445488.
24
What is the greatest common divisor of 21593 and 32890?
143
What is the highest common factor of 138724 and 44?
4
What is the greatest common factor of 8092650 and 1200?
150
What is the greatest common factor of 63151 and 278?
1
What is the highest common factor of 152054415 and 171?
9
What is the greatest common factor of 1031454 and 1296?
162
Calculate the greatest common factor of 768255 and 1470.
15
What is the highest common factor of 18510375 and 625?
125
Calculate the greatest common divisor of 4703719 and 521459.
2647
Calculate the greatest common factor of 1573 and 5819.
11
What is the greatest common factor of 6559168 and 192192?
4928
Calculate the greatest common factor of 248 and 8910299.
31
What is the highest common divisor of 205917858 and 342?
342
What is the greatest common factor of 9386 and 4084354?
722
What is the highest common divisor of 705285 and 21591?
9
Calculate the highest common factor of 1092 and 62016500.
364
Calculate the greatest common factor of 76 and 4633530.
38
What is the highest common divisor of 102634554 and 16248?
4062
Calculate the highest common divisor of 1878 and 125719893.
939
What is the highest common divisor of 8361485 and 5555?
55
What is the greatest common factor of 527007 and 58539?
39
What is the greatest common factor of 413860 and 1510?
10
Calculate the greatest common divisor of 3 and 36953643.
3
What is the highest common divisor of 579882 and 6096?
762
Calculate the highest common divisor of 110152 and 5434540.
1124
What is the greatest common factor of 23 and 149054651?
23
What is the greatest common factor of 23713725 and 731850?
8925
Calculate the highest common divisor of 22376 and 30792.
8
Calculate the highest common factor of 56161 and 23278.
113
Calculate the highest common divisor of 72 and 753213.
3
Calculate the greatest common divisor of 176816 and 597268.
1028
What is the highest common divisor of 313026 and 43848?
1218
Calculate the highest common divisor of 575309567 and 239.
239
What is the greatest common divisor of 8670 and 1759775910?
8670
Calculate the highest common divisor of 173082 and 4347.
21
Calculate the greatest common divisor of 817922 and 22.
2
What is the greatest common factor of 10 and 44188190?
10
Calculate the highest common factor of 285 and 121002621.
57
Calculate the greatest common factor of 119886 and 551986.
58
Calculate the greatest common factor of 374703480 and 24.
24
Calculate the greatest common factor of 680360 and 4088.
584
What is the highest common divisor of 8190 and 120824964?
234
What is the highest common factor of 42190680 and 336?
168
What is the greatest common factor of 1008 and 59098816?
112
Calculate the greatest common divisor of 58 and 426397324.
58
What is the greatest common divisor of 24118 and 4154?
62
What is the greatest common divisor of 1295366043 and 1371?
1371
What is the greatest common divisor of 4486356589 and 11?
11
What is the highest common divisor of 34069 and 249984?
217
What is the greatest common factor of 29570850 and 450?
450
Calculate the greatest common factor of 152 and 1840511.
19
What is the greatest common factor of 241629001 and 1844?
461
Calculate the greatest common divisor of 3955 and 885605.
35
Calculate the highest common divisor of 64836 and 15.
3
Calculate the greatest common factor of 230 and 139526372.
46
What is the greatest common factor of 37266 and 696?
6
Calculate the greatest common divisor of 7416 and 68422282.
206
What is the highest common factor of 29610378 and 9?
9
Calculate the greatest common factor of 1032 and 6104796.
516
What is the greatest common factor of 7488 and 73480368?
624
What is the greatest common divisor of 15456 and 2361226?
322
Calculate the highest common divisor of 164 and 677436686.
82
Calculate the highest common factor of 12724360 and 16730.
2390
What is the highest common factor of 858 and 112980978?
66
Calculate the highest common divisor of 68736 and 57576.
24
Calculate the greatest common factor of 1304 and 14378556.
652
Calculate the highest common factor of 1070 and 657629490.
1070
What is the highest common divisor of 27747432 and 26304?
3288
Calculate the greatest common factor of 4032800 and 176.
16
What is the greatest common factor of 72 and 19983?
3
Calculate the highest common divisor of 18 and 213469875.
9
Calculate the greatest common divisor of 28166721 and 304.
19
What is the highest common divisor of 1198801408 and 84?
28
What is the greatest common factor of 12793 and 111023?
11
Calculate the greatest common factor of 110657478 and 2868.
1434
Calculate the greatest common divisor of 15538 and 416534.
34
Calculate the highest common divisor of 19014 and 12260861.
3169